{"id":119,"date":"2013-07-12T22:04:46","date_gmt":"2013-07-12T22:04:46","guid":{"rendered":"http:\/\/www.faqeinternet.al\/res\/?page_id=119"},"modified":"2023-12-12T22:40:58","modified_gmt":"2023-12-12T21:40:58","slug":"perfaqesimi-ne-gjykate","status":"publish","type":"page","link":"https:\/\/www.respublica.org.al\/web\/?page_id=119","title":{"rendered":"Aksesi n\u00eb gjykat\u00eb"},"content":{"rendered":"\n<p>Qendra Res Publica ofron sh\u00ebrbime k\u00ebshillimi dhe p\u00ebrfaq\u00ebsimi n\u00eb proceset gjyq\u00ebsore penale, civile dhe administrative, n\u00eb t\u00eb gjitha shkall\u00ebt e gjykimit, p\u00ebrfshir\u00eb k\u00ebtu Gjykat\u00ebn Kushtetuese dhe Gjykat\u00ebn Evropiane p\u00ebr t\u00eb Drejtat e Njeriut.<\/p>\n\n\n\n<p>Pik\u00ebrisht aft\u00ebsia p\u00ebr t\u00eb p\u00ebrfaq\u00ebsuar n\u00eb Gjykat\u00ebn Evropiane p\u00ebrb\u00ebn nj\u00eb ve\u00e7anti, e cila qendron n\u00eb thelbin e nd\u00ebrtimit t\u00eb stragjis\u00eb s\u00eb mbrojtjes nga ana e Res Publica q\u00eb n\u00eb momentet e para t\u00eb nd\u00ebrtimit t\u00eb strategjis\u00eb s\u00eb mbrojtjes.<\/p>\n\n\n\n<p>Res Publica \u00ebsht\u00eb e p\u00ebrkushtuar p\u00ebr t\u00eb siguruar q\u00eb viktimat e shkeljeve t\u00eb t\u00eb drejtave t\u00eb njeriut t\u00eb ken\u00eb qasje t\u00eb drejt\u00eb dhe efektive n\u00eb drejt\u00ebsi. Sh\u00ebrbimet tona n\u00eb k\u00ebt\u00eb fush\u00eb p\u00ebrfshijn\u00eb:<\/p>\n\n\n\n<ul>\n<li><strong>P\u00ebrfaq\u00ebsimi Ligjor:<\/strong> Ne ofrojm\u00eb p\u00ebrfaq\u00ebsim ligjor n\u00eb procedurat penale, me nj\u00eb fokus n\u00eb dh\u00ebnien e ndihm\u00ebs juridike dhe mb\u00ebshtetjes s\u00eb aksesit n\u00eb drejt\u00ebsi p\u00ebr grupet vulnerab\u00ebl dhe individ\u00ebt n\u00eb nevoj\u00eb.<\/li>\n\n\n\n<li><strong>Advokimi:<\/strong> Advokojm\u00eb p\u00ebr reforma ligjore q\u00eb p\u00ebrmir\u00ebsojn\u00eb aksesin n\u00eb drejt\u00ebsi dhe sigurojn\u00eb trajtim t\u00eb drejt\u00eb p\u00ebr t\u00eb gjith\u00eb individ\u00ebt brenda sistemit t\u00eb s\u00eb drejt\u00ebs civile e penale.<\/li>\n\n\n\n<li><strong>K\u00ebshillim:<\/strong> Organizata jon\u00eb ofron sh\u00ebrbime k\u00ebshillimi, duke ndihmuar individ\u00ebt t\u00eb lundrojn\u00eb n\u00eb procesin ligjor, t\u00eb kuptojn\u00eb t\u00eb drejtat e tyre dhe t\u00eb p\u00ebrballen me sfidat me t\u00eb cilat mund t\u00eb p\u00ebrballen gjat\u00eb proceseve.<\/li>\n<\/ul>\n\n\n\n<p>Qendra Res Publica \u00ebsht\u00eb e angazhuar me ndjekjen e rasteve para Gjykat\u00ebs Evropiane t\u00eb t\u00eb Drejtave t\u00eb Njeriut n\u00eb Strazburg, shpeshher\u00eb edhe si pal\u00eb e tret\u00eb n\u00eb \u00e7\u00ebshtje q\u00eb nuk kan\u00eb t\u00eb b\u00ebjn\u00eb me Shqip\u00ebrin\u00eb, por q\u00eb synojn\u00eb pasurimin e jurisprudenc\u00ebs s\u00eb k\u00ebsaj gjykate, me efekt edhe p\u00ebr Shqip\u00ebrin\u00eb n\u00eb \u00e7\u00ebshtje t\u00eb ardhshme.<\/p>\n","protected":false},"excerpt":{"rendered":"<p>Qendra Res Publica ofron sh\u00ebrbime k\u00ebshillimi dhe p\u00ebrfaq\u00ebsimi n\u00eb proceset gjyq\u00ebsore penale, civile dhe administrative, n\u00eb t\u00eb gjitha shkall\u00ebt e [&hellip;]<\/p>\n","protected":false},"author":1,"featured_media":0,"parent":0,"menu_order":0,"comment_status":"open","ping_status":"open","template":"","meta":{"site-sidebar-layout":"default","site-content-layout":"","ast-site-content-layout":"","site-content-style":"default","site-sidebar-style":"default","ast-global-header-display":"","ast-banner-title-visibility":"","ast-main-header-display":"","ast-hfb-above-header-display":"","ast-hfb-below-header-display":"","ast-hfb-mobile-header-display":"","site-post-title":"","ast-breadcrumbs-content":"","ast-featured-img":"","footer-sml-layout":"","theme-transparent-header-meta":"","adv-header-id-meta":"","stick-header-meta":"","header-above-stick-meta":"","header-main-stick-meta":"","header-below-stick-meta":"","astra-migrate-meta-layouts":"default","ast-page-background-enabled":"default","ast-page-background-meta":{"desktop":{"background-color":"var(--ast-global-color-4)","background-image":"","background-repeat":"repeat","background-position":"center center","background-size":"auto","background-attachment":"scroll","background-type":"","background-media":"","overlay-type":"","overlay-color":"","overlay-gradient":""},"tablet":{"background-color":"","background-image":"","background-repeat":"repeat","background-position":"center center","background-size":"auto","background-attachment":"scroll","background-type":"","background-media":"","overlay-type":"","overlay-color":"","overlay-gradient":""},"mobile":{"background-color":"","background-image":"","background-repeat":"repeat","background-position":"center center","background-size":"auto","background-attachment":"scroll","background-type":"","background-media":"","overlay-type":"","overlay-color":"","overlay-gradient":""}},"ast-content-background-meta":{"desktop":{"background-color":"var(--ast-global-color-5)","background-image":"","background-repeat":"repeat","background-position":"center center","background-size":"auto","background-attachment":"scroll","background-type":"","background-media":"","overlay-type":"","overlay-color":"","overlay-gradient":""},"tablet":{"background-color":"var(--ast-global-color-5)","background-image":"","background-repeat":"repeat","background-position":"center center","background-size":"auto","background-attachment":"scroll","background-type":"","background-media":"","overlay-type":"","overlay-color":"","overlay-gradient":""},"mobile":{"background-color":"var(--ast-global-color-5)","background-image":"","background-repeat":"repeat","background-position":"center center","background-size":"auto","background-attachment":"scroll","background-type":"","background-media":"","overlay-type":"","overlay-color":"","overlay-gradient":""}},"footnotes":""},"_links":{"self":[{"href":"https:\/\/www.respublica.org.al\/web\/index.php?rest_route=\/wp\/v2\/pages\/119"}],"collection":[{"href":"https:\/\/www.respublica.org.al\/web\/index.php?rest_route=\/wp\/v2\/pages"}],"about":[{"href":"https:\/\/www.respublica.org.al\/web\/index.php?rest_route=\/wp\/v2\/types\/page"}],"author":[{"embeddable":true,"href":"https:\/\/www.respublica.org.al\/web\/index.php?rest_route=\/wp\/v2\/users\/1"}],"replies":[{"embeddable":true,"href":"https:\/\/www.respublica.org.al\/web\/index.php?rest_route=%2Fwp%2Fv2%2Fcomments&post=119"}],"version-history":[{"count":10,"href":"https:\/\/www.respublica.org.al\/web\/index.php?rest_route=\/wp\/v2\/pages\/119\/revisions"}],"predecessor-version":[{"id":2699,"href":"https:\/\/www.respublica.org.al\/web\/index.php?rest_route=\/wp\/v2\/pages\/119\/revisions\/2699"}],"wp:attachment":[{"href":"https:\/\/www.respublica.org.al\/web\/index.php?rest_route=%2Fwp%2Fv2%2Fmedia&parent=119"}],"curies":[{"name":"wp","href":"https:\/\/api.w.org\/{rel}","templated":true}]}}

Aksesi në gjykatë

<p>Qendra Res Publica ofron shërbime këshillimi dhe përfaqësimi në proceset gjyqësore penale, civile dhe administrative, në të gjitha shkallët e gjykimit, përfshirë këtu Gjykatën Kushtetuese dhe Gjykatën Evropiane për të Drejtat e Njeriut.</p>



<p>Pikërisht aftësia për të përfaqësuar në Gjykatën Evropiane përbën një veçanti, e cila qendron në thelbin e ndërtimit të stragjisë së mbrojtjes nga ana e Res Publica që në momentet e para të ndërtimit të strategjisë së mbrojtjes.</p>



<p>Res Publica është e përkushtuar për të siguruar që viktimat e shkeljeve të të drejtave të njeriut të kenë qasje të drejtë dhe efektive në drejtësi. Shërbimet tona në këtë fushë përfshijnë:</p>



<ul>
<li><strong>Përfaqësimi Ligjor:</strong> Ne ofrojmë përfaqësim ligjor në procedurat penale, me një fokus në dhënien e ndihmës juridike dhe mbështetjes së aksesit në drejtësi për grupet vulnerabël dhe individët në nevojë.</li>



<li><strong>Advokimi:</strong> Advokojmë për reforma ligjore që përmirësojnë aksesin në drejtësi dhe sigurojnë trajtim të drejtë për të gjithë individët brenda sistemit të së drejtës civile e penale.</li>



<li><strong>Këshillim:</strong> Organizata jonë ofron shërbime këshillimi, duke ndihmuar individët të lundrojnë në procesin ligjor, të kuptojnë të drejtat e tyre dhe të përballen me sfidat me të cilat mund të përballen gjatë proceseve.</li>
</ul>



<p>Qendra Res Publica është e angazhuar me ndjekjen e rasteve para Gjykatës Evropiane të të Drejtave të Njeriut në Strazburg, shpeshherë edhe si palë e tretë në çështje që nuk kanë të bëjnë me Shqipërinë, por që synojnë pasurimin e jurisprudencës së kësaj gjykate, me efekt edhe për Shqipërinë në çështje të ardhshme.</p>

<p>Qendra Res Publica ofron shërbime këshillimi dhe përfaqësimi në proceset gjyqësore penale, civile dhe administrative, në të gjitha shkallët e [&hellip;]</p>
