{"id":128,"date":"2013-07-12T22:08:06","date_gmt":"2013-07-12T22:08:06","guid":{"rendered":"http:\/\/www.faqeinternet.al\/res\/?page_id=128"},"modified":"2023-09-22T20:01:33","modified_gmt":"2023-09-22T18:01:33","slug":"trajnime","status":"publish","type":"page","link":"https:\/\/www.respublica.org.al\/web\/?page_id=128","title":{"rendered":"Trajnimet"},"content":{"rendered":"<p>Res Publica ka organizuar me nism\u00ebn e saj trajnimet e m\u00ebposhtme:<\/p>\n<ul>\n<li>Trajnimi i gazetar\u00ebve dhe profesionist\u00ebve t\u00eb medias p\u00ebr t\u00eb njohur m\u00eb mir\u00eb <strong>kufijt\u00eb e liris\u00eb s\u00eb shprehjes<\/strong>;<\/li>\n<li>Trajnimi i vajzave dhe grave rome dhe atyre t\u00eb zonave rurale p\u00ebr <strong>p\u00ebrfitimin e sh\u00ebrbimeve t\u00eb asistenc\u00ebs<\/strong>;<\/li>\n<li>Trajnimi i student\u00ebve t\u00eb vitit t\u00eb dyt\u00eb dhe t\u00eb tret\u00eb t\u00eb Fakultetit t\u00eb Drejt\u00ebsis\u00eb s\u00eb Universitetit t\u00eb Tiran\u00ebs p\u00ebr aspektet procedurale dhe substanciale t\u00eb <strong>neneve 2 dhe 3 t\u00eb Konvent\u00ebs Europiane p\u00ebr t\u00eb Drejtat e Njeriut<\/strong>;<\/li>\n<li>Trajnimi i gazetar\u00ebve dhe aktivist\u00ebve t\u00eb shoq\u00ebris\u00eb civile p\u00ebr t\u00eb <strong>p\u00ebrdorur n\u00eb m\u00ebnyr\u00eb efektive t\u00eb drejt\u00ebn e informimit<\/strong>;<\/li>\n<li>Trajnimi i gazetar\u00ebve investigativ\u00eb p\u00ebr t\u00eb kuptuar mund\u00ebsit\u00eb e zyrtar\u00ebve p\u00ebr t\u00eb kryer <strong>akte korruptive n\u00eb prokurimet publike<\/strong>;<\/li>\n<li>Trajnimi i aktivist\u00ebve t\u00eb shoq\u00ebris\u00eb civile p\u00ebr t\u00eb <strong>p\u00ebrdorur ligjin p\u00ebr konsultimin publik<\/strong>;<\/li>\n<li>Trajnimi i avokat\u00ebve p\u00ebr t\u00eb mbrojtur n\u00eb m\u00ebnyr\u00eb efektive <strong>t\u00eb drejt\u00ebn e strehimit t\u00eb grupeve vulnerab\u00ebl<\/strong>.<\/li>\n<\/ul>\n","protected":false},"excerpt":{"rendered":"<p>Res Publica ka organizuar me nism\u00ebn e saj trajnimet e m\u00ebposhtme: Trajnimi i gazetar\u00ebve dhe profesionist\u00ebve t\u00eb medias p\u00ebr t\u00eb [&hellip;]<\/p>\n","protected":false},"author":1,"featured_media":0,"parent":0,"menu_order":0,"comment_status":"open","ping_status":"open","template":"","meta":{"site-sidebar-layout":"default","site-content-layout":"","ast-site-content-layout":"","site-content-style":"default","site-sidebar-style":"default","ast-global-header-display":"","ast-banner-title-visibility":"","ast-main-header-display":"","ast-hfb-above-header-display":"","ast-hfb-below-header-display":"","ast-hfb-mobile-header-display":"","site-post-title":"","ast-breadcrumbs-content":"","ast-featured-img":"","footer-sml-layout":"","theme-transparent-header-meta":"","adv-header-id-meta":"","stick-header-meta":"","header-above-stick-meta":"","header-main-stick-meta":"","header-below-stick-meta":"","astra-migrate-meta-layouts":"default","ast-page-background-enabled":"default","ast-page-background-meta":{"desktop":{"background-color":"var(--ast-global-color-4)","background-image":"","background-repeat":"repeat","background-position":"center center","background-size":"auto","background-attachment":"scroll","background-type":"","background-media":"","overlay-type":"","overlay-color":"","overlay-gradient":""},"tablet":{"background-color":"","background-image":"","background-repeat":"repeat","background-position":"center center","background-size":"auto","background-attachment":"scroll","background-type":"","background-media":"","overlay-type":"","overlay-color":"","overlay-gradient":""},"mobile":{"background-color":"","background-image":"","background-repeat":"repeat","background-position":"center center","background-size":"auto","background-attachment":"scroll","background-type":"","background-media":"","overlay-type":"","overlay-color":"","overlay-gradient":""}},"ast-content-background-meta":{"desktop":{"background-color":"var(--ast-global-color-5)","background-image":"","background-repeat":"repeat","background-position":"center center","background-size":"auto","background-attachment":"scroll","background-type":"","background-media":"","overlay-type":"","overlay-color":"","overlay-gradient":""},"tablet":{"background-color":"var(--ast-global-color-5)","background-image":"","background-repeat":"repeat","background-position":"center center","background-size":"auto","background-attachment":"scroll","background-type":"","background-media":"","overlay-type":"","overlay-color":"","overlay-gradient":""},"mobile":{"background-color":"var(--ast-global-color-5)","background-image":"","background-repeat":"repeat","background-position":"center center","background-size":"auto","background-attachment":"scroll","background-type":"","background-media":"","overlay-type":"","overlay-color":"","overlay-gradient":""}},"footnotes":""},"_links":{"self":[{"href":"https:\/\/www.respublica.org.al\/web\/index.php?rest_route=\/wp\/v2\/pages\/128"}],"collection":[{"href":"https:\/\/www.respublica.org.al\/web\/index.php?rest_route=\/wp\/v2\/pages"}],"about":[{"href":"https:\/\/www.respublica.org.al\/web\/index.php?rest_route=\/wp\/v2\/types\/page"}],"author":[{"embeddable":true,"href":"https:\/\/www.respublica.org.al\/web\/index.php?rest_route=\/wp\/v2\/users\/1"}],"replies":[{"embeddable":true,"href":"https:\/\/www.respublica.org.al\/web\/index.php?rest_route=%2Fwp%2Fv2%2Fcomments&post=128"}],"version-history":[{"count":6,"href":"https:\/\/www.respublica.org.al\/web\/index.php?rest_route=\/wp\/v2\/pages\/128\/revisions"}],"predecessor-version":[{"id":2703,"href":"https:\/\/www.respublica.org.al\/web\/index.php?rest_route=\/wp\/v2\/pages\/128\/revisions\/2703"}],"wp:attachment":[{"href":"https:\/\/www.respublica.org.al\/web\/index.php?rest_route=%2Fwp%2Fv2%2Fmedia&parent=128"}],"curies":[{"name":"wp","href":"https:\/\/api.w.org\/{rel}","templated":true}]}}

<p>Res Publica ka organizuar me nismën e saj trajnimet e mëposhtme:</p>
<ul>
<li>Trajnimi i gazetarëve dhe profesionistëve të medias për të njohur më mirë <strong>kufijtë e lirisë së shprehjes</strong>;</li>
<li>Trajnimi i vajzave dhe grave rome dhe atyre të zonave rurale për <strong>përfitimin e shërbimeve të asistencës</strong>;</li>
<li>Trajnimi i studentëve të vitit të dytë dhe të tretë të Fakultetit të Drejtësisë së Universitetit të Tiranës për aspektet procedurale dhe substanciale të <strong>neneve 2 dhe 3 të Konventës Europiane për të Drejtat e Njeriut</strong>;</li>
<li>Trajnimi i gazetarëve dhe aktivistëve të shoqërisë civile për të <strong>përdorur në mënyrë efektive të drejtën e informimit</strong>;</li>
<li>Trajnimi i gazetarëve investigativë për të kuptuar mundësitë e zyrtarëve për të kryer <strong>akte korruptive në prokurimet publike</strong>;</li>
<li>Trajnimi i aktivistëve të shoqërisë civile për të <strong>përdorur ligjin për konsultimin publik</strong>;</li>
<li>Trajnimi i avokatëve për të mbrojtur në mënyrë efektive <strong>të drejtën e strehimit të grupeve vulnerabël</strong>.</li>
</ul>

<p>Res Publica ka organizuar me nismën e saj trajnimet e mëposhtme: Trajnimi i gazetarëve dhe profesionistëve të medias për të [&hellip;]</p>
