{"id":2645,"date":"2023-09-22T17:16:38","date_gmt":"2023-09-22T15:16:38","guid":{"rendered":"https:\/\/www.respublica.org.al\/?page_id=2645"},"modified":"2023-12-12T22:41:43","modified_gmt":"2023-12-12T21:41:43","slug":"liria-e-shprehjes","status":"publish","type":"page","link":"https:\/\/www.respublica.org.al\/web\/?page_id=2645","title":{"rendered":"Liria e shprehjes"},"content":{"rendered":"\n<p>Qendra Res Publica \u00ebsht\u00eb nj\u00eb mbrojt\u00ebse e vendosur t\u00eb liris\u00eb s\u00eb shprehjes dhe s\u00eb drejt\u00ebs p\u00ebr informim. Sh\u00ebrbimet tona n\u00eb k\u00ebt\u00eb fush\u00eb p\u00ebrfshijn\u00eb:<\/p>\n\n\n\n<ul>\n<li><strong>Mb\u00ebshtetje ligjore p\u00ebr gazetar\u00ebt:<\/strong> Ne ofrojm\u00eb ndihm\u00eb ligjore p\u00ebr gazetar\u00ebt dhe organizatat mediatike q\u00eb p\u00ebrballen me sfida n\u00eb lidhje me lirin\u00eb e shtypit.<\/li>\n\n\n\n<li><strong>Advokimi p\u00ebr lirin\u00eb e medias:<\/strong> Ne advokojm\u00eb p\u00ebr reforma ligjore dhe politika q\u00eb mbrojn\u00eb dhe promovojn\u00eb lirin\u00eb e shprehjes dhe t\u00eb drejt\u00ebn p\u00ebr informim.<\/li>\n\n\n\n<li><strong><strong>Iniciativa p\u00ebr edukimin mediatik:<\/strong> <\/strong>Ne ofrojm\u00eb trajnime p\u00ebr gazetar\u00ebt, profesionist\u00ebt e mediave apo aktivist\u00ebt e shoq\u00ebris\u00eb civile, si: trajnime p\u00ebr t\u00eb p\u00ebrdorur n\u00eb m\u00ebnyr\u00eb efektive t\u00eb drejt\u00ebn e informimit apo mbi njohjen e kufijve t\u00eb liris\u00eb s\u00eb shprehjes, trajnime p\u00ebr gazetar\u00ebt investigativ\u00eb p\u00ebr t\u00eb kuptuar mund\u00ebsit\u00eb e zyrtar\u00ebve p\u00ebr t\u00eb kryer akte korruptive n\u00eb prokurimet publike, etj.<\/li>\n\n\n\n<li><strong>K\u00ebrkime shkencore:<\/strong> Ne ofrojm\u00eb k\u00ebrkime shkencore lidhur me vler\u00ebsimin e transparenc\u00ebs s\u00eb institucioneve n\u00eb Shqip\u00ebri apo t\u00eb Komisionerit p\u00ebr t\u00eb Drejt\u00ebn e Informimit, si dhe dh\u00ebnien e rekomandimeve p\u00ebr programet e transparenc\u00ebs.<\/li>\n<\/ul>\n\n\n\n<p>Ne besojm\u00eb se nj\u00eb shtyp i lir\u00eb \u00ebsht\u00eb thelb\u00ebsor p\u00ebr nj\u00eb shoq\u00ebri t\u00eb mir\u00ebinformuar dhe demokratike.<\/p>\n","protected":false},"excerpt":{"rendered":"<p>Qendra Res Publica \u00ebsht\u00eb nj\u00eb mbrojt\u00ebse e vendosur t\u00eb liris\u00eb s\u00eb shprehjes dhe s\u00eb drejt\u00ebs p\u00ebr informim. Sh\u00ebrbimet tona n\u00eb [&hellip;]<\/p>\n","protected":false},"author":2,"featured_media":0,"parent":0,"menu_order":0,"comment_status":"closed","ping_status":"closed","template":"","meta":{"site-sidebar-layout":"default","site-content-layout":"","ast-site-content-layout":"","site-content-style":"default","site-sidebar-style":"default","ast-global-header-display":"","ast-banner-title-visibility":"","ast-main-header-display":"","ast-hfb-above-header-display":"","ast-hfb-below-header-display":"","ast-hfb-mobile-header-display":"","site-post-title":"","ast-breadcrumbs-content":"","ast-featured-img":"","footer-sml-layout":"","theme-transparent-header-meta":"","adv-header-id-meta":"","stick-header-meta":"","header-above-stick-meta":"","header-main-stick-meta":"","header-below-stick-meta":"","astra-migrate-meta-layouts":"default","ast-page-background-enabled":"default","ast-page-background-meta":{"desktop":{"background-color":"var(--ast-global-color-4)","background-image":"","background-repeat":"repeat","background-position":"center center","background-size":"auto","background-attachment":"scroll","background-type":"","background-media":"","overlay-type":"","overlay-color":"","overlay-gradient":""},"tablet":{"background-color":"","background-image":"","background-repeat":"repeat","background-position":"center center","background-size":"auto","background-attachment":"scroll","background-type":"","background-media":"","overlay-type":"","overlay-color":"","overlay-gradient":""},"mobile":{"background-color":"","background-image":"","background-repeat":"repeat","background-position":"center center","background-size":"auto","background-attachment":"scroll","background-type":"","background-media":"","overlay-type":"","overlay-color":"","overlay-gradient":""}},"ast-content-background-meta":{"desktop":{"background-color":"var(--ast-global-color-5)","background-image":"","background-repeat":"repeat","background-position":"center center","background-size":"auto","background-attachment":"scroll","background-type":"","background-media":"","overlay-type":"","overlay-color":"","overlay-gradient":""},"tablet":{"background-color":"var(--ast-global-color-5)","background-image":"","background-repeat":"repeat","background-position":"center center","background-size":"auto","background-attachment":"scroll","background-type":"","background-media":"","overlay-type":"","overlay-color":"","overlay-gradient":""},"mobile":{"background-color":"var(--ast-global-color-5)","background-image":"","background-repeat":"repeat","background-position":"center center","background-size":"auto","background-attachment":"scroll","background-type":"","background-media":"","overlay-type":"","overlay-color":"","overlay-gradient":""}},"footnotes":""},"_links":{"self":[{"href":"https:\/\/www.respublica.org.al\/web\/index.php?rest_route=\/wp\/v2\/pages\/2645"}],"collection":[{"href":"https:\/\/www.respublica.org.al\/web\/index.php?rest_route=\/wp\/v2\/pages"}],"about":[{"href":"https:\/\/www.respublica.org.al\/web\/index.php?rest_route=\/wp\/v2\/types\/page"}],"author":[{"embeddable":true,"href":"https:\/\/www.respublica.org.al\/web\/index.php?rest_route=\/wp\/v2\/users\/2"}],"replies":[{"embeddable":true,"href":"https:\/\/www.respublica.org.al\/web\/index.php?rest_route=%2Fwp%2Fv2%2Fcomments&post=2645"}],"version-history":[{"count":3,"href":"https:\/\/www.respublica.org.al\/web\/index.php?rest_route=\/wp\/v2\/pages\/2645\/revisions"}],"predecessor-version":[{"id":2677,"href":"https:\/\/www.respublica.org.al\/web\/index.php?rest_route=\/wp\/v2\/pages\/2645\/revisions\/2677"}],"wp:attachment":[{"href":"https:\/\/www.respublica.org.al\/web\/index.php?rest_route=%2Fwp%2Fv2%2Fmedia&parent=2645"}],"curies":[{"name":"wp","href":"https:\/\/api.w.org\/{rel}","templated":true}]}}

<p>Qendra Res Publica është një mbrojtëse e vendosur të lirisë së shprehjes dhe së drejtës për informim. Shërbimet tona në këtë fushë përfshijnë:</p>



<ul>
<li><strong>Mbështetje ligjore për gazetarët:</strong> Ne ofrojmë ndihmë ligjore për gazetarët dhe organizatat mediatike që përballen me sfida në lidhje me lirinë e shtypit.</li>



<li><strong>Advokimi për lirinë e medias:</strong> Ne advokojmë për reforma ligjore dhe politika që mbrojnë dhe promovojnë lirinë e shprehjes dhe të drejtën për informim.</li>



<li><strong><strong>Iniciativa për edukimin mediatik:</strong> </strong>Ne ofrojmë trajnime për gazetarët, profesionistët e mediave apo aktivistët e shoqërisë civile, si: trajnime për të përdorur në mënyrë efektive të drejtën e informimit apo mbi njohjen e kufijve të lirisë së shprehjes, trajnime për gazetarët investigativë për të kuptuar mundësitë e zyrtarëve për të kryer akte korruptive në prokurimet publike, etj.</li>



<li><strong>Kërkime shkencore:</strong> Ne ofrojmë kërkime shkencore lidhur me vlerësimin e transparencës së institucioneve në Shqipëri apo të Komisionerit për të Drejtën e Informimit, si dhe dhënien e rekomandimeve për programet e transparencës.</li>
</ul>



<p>Ne besojmë se një shtyp i lirë është thelbësor për një shoqëri të mirëinformuar dhe demokratike.</p>

<p>Qendra Res Publica është një mbrojtëse e vendosur të lirisë së shprehjes dhe së drejtës për informim. Shërbimet tona në [&hellip;]</p>
