{"id":53,"date":"2013-07-12T21:01:40","date_gmt":"2013-07-12T21:01:40","guid":{"rendered":"http:\/\/www.faqeinternet.al\/res\/?page_id=53"},"modified":"2023-05-05T19:01:26","modified_gmt":"2023-05-05T17:01:26","slug":"kush-jemi","status":"publish","type":"page","link":"https:\/\/www.respublica.org.al\/web\/?page_id=53","title":{"rendered":"Kush jemi"},"content":{"rendered":"\n<p><\/p>\n\n\n\n<p>Res Publica \u00ebsht\u00eb nj\u00eb organizat\u00eb joqeveritare dhe jofitimprur\u00ebse q\u00eb synon t\u00eb promovoj\u00eb dhe t\u00eb mbroj\u00eb respektimin e t\u00eb drejtave themelore t\u00eb njeriut p\u00ebrmes litigimit strategjik, advokimit, edukimit, k\u00ebrkimit shkencor dhe zhvillimit t\u00eb politikave t\u00eb ndryshme.<\/p>\n\n\n\n<p>Q\u00eb nga themelimi i saj n\u00eb 2010, Res Publica \u00ebsht\u00eb angazhuar n\u00eb nj\u00eb s\u00ebr\u00eb \u00e7\u00ebshtjesh t\u00eb profilit t\u00eb lart\u00eb t\u00eb t\u00eb drejtave t\u00eb njeriut (viktimat e sulmit policor gjat\u00eb protest\u00ebs s\u00eb 21 janarit 2011, viktimat e shp\u00ebrthimit t\u00eb G\u00ebrdecit, referendumi kund\u00ebr importimit t\u00eb mbetjeve para Gjykat\u00ebs Kushtetuese, m\u00eb shum\u00eb se 40 \u00e7\u00ebshtje q\u00eb mbrojn\u00eb gazetar\u00ebt p\u00ebr lirin\u00eb e shprehjes dhe t\u00eb drejt\u00ebs p\u00ebr informim) dhe \u00ebsht\u00eb nj\u00eb burim ky\u00e7 informacioni p\u00ebr pal\u00ebt nd\u00ebrkomb\u00ebtare t\u00eb interesuara si Delegacioni i Bashkimit Evropian (BE) dhe Organizata p\u00ebr Siguri dhe Bashk\u00ebpunim n\u00eb Evrop\u00eb (OSBE). Gjithashtu, Res Publica bashk\u00ebpunon dhe shpesh ndan ekspertiz\u00ebn e saj me Organizatat e Shoq\u00ebris\u00eb Civile (OSHC) me synime dhe aspirata t\u00eb p\u00ebrbashk\u00ebta.<\/p>\n\n\n\n<p>Vizioni i Res Publica \u00ebsht\u00eb nd\u00ebrtimi i nj\u00eb shoq\u00ebrie ndryshe, m\u00eb tolerante, e bazuar n\u00eb sundimin e s\u00eb drejt\u00ebs dhe respektimin e t\u00eb drejtave t\u00eb njeriut, nj\u00eb shoq\u00ebri ku qeveria \u00ebsht\u00eb plot\u00ebsisht llogaridh\u00ebn\u00ebse ndaj popullit.<\/p>\n\n\n\n<p><\/p>\n","protected":false},"excerpt":{"rendered":"<p>Res Publica \u00ebsht\u00eb nj\u00eb organizat\u00eb joqeveritare dhe jofitimprur\u00ebse q\u00eb synon t\u00eb promovoj\u00eb dhe t\u00eb mbroj\u00eb respektimin e t\u00eb drejtave themelore [&hellip;]<\/p>\n","protected":false},"author":1,"featured_media":0,"parent":0,"menu_order":0,"comment_status":"open","ping_status":"open","template":"","meta":{"site-sidebar-layout":"default","site-content-layout":"","ast-site-content-layout":"","site-content-style":"default","site-sidebar-style":"default","ast-global-header-display":"","ast-banner-title-visibility":"","ast-main-header-display":"","ast-hfb-above-header-display":"","ast-hfb-below-header-display":"","ast-hfb-mobile-header-display":"","site-post-title":"","ast-breadcrumbs-content":"","ast-featured-img":"","footer-sml-layout":"","theme-transparent-header-meta":"","adv-header-id-meta":"","stick-header-meta":"","header-above-stick-meta":"","header-main-stick-meta":"","header-below-stick-meta":"","astra-migrate-meta-layouts":"default","ast-page-background-enabled":"default","ast-page-background-meta":{"desktop":{"background-color":"var(--ast-global-color-4)","background-image":"","background-repeat":"repeat","background-position":"center center","background-size":"auto","background-attachment":"scroll","background-type":"","background-media":"","overlay-type":"","overlay-color":"","overlay-gradient":""},"tablet":{"background-color":"","background-image":"","background-repeat":"repeat","background-position":"center center","background-size":"auto","background-attachment":"scroll","background-type":"","background-media":"","overlay-type":"","overlay-color":"","overlay-gradient":""},"mobile":{"background-color":"","background-image":"","background-repeat":"repeat","background-position":"center center","background-size":"auto","background-attachment":"scroll","background-type":"","background-media":"","overlay-type":"","overlay-color":"","overlay-gradient":""}},"ast-content-background-meta":{"desktop":{"background-color":"var(--ast-global-color-5)","background-image":"","background-repeat":"repeat","background-position":"center center","background-size":"auto","background-attachment":"scroll","background-type":"","background-media":"","overlay-type":"","overlay-color":"","overlay-gradient":""},"tablet":{"background-color":"var(--ast-global-color-5)","background-image":"","background-repeat":"repeat","background-position":"center center","background-size":"auto","background-attachment":"scroll","background-type":"","background-media":"","overlay-type":"","overlay-color":"","overlay-gradient":""},"mobile":{"background-color":"var(--ast-global-color-5)","background-image":"","background-repeat":"repeat","background-position":"center center","background-size":"auto","background-attachment":"scroll","background-type":"","background-media":"","overlay-type":"","overlay-color":"","overlay-gradient":""}},"footnotes":""},"_links":{"self":[{"href":"https:\/\/www.respublica.org.al\/web\/index.php?rest_route=\/wp\/v2\/pages\/53"}],"collection":[{"href":"https:\/\/www.respublica.org.al\/web\/index.php?rest_route=\/wp\/v2\/pages"}],"about":[{"href":"https:\/\/www.respublica.org.al\/web\/index.php?rest_route=\/wp\/v2\/types\/page"}],"author":[{"embeddable":true,"href":"https:\/\/www.respublica.org.al\/web\/index.php?rest_route=\/wp\/v2\/users\/1"}],"replies":[{"embeddable":true,"href":"https:\/\/www.respublica.org.al\/web\/index.php?rest_route=%2Fwp%2Fv2%2Fcomments&post=53"}],"version-history":[{"count":8,"href":"https:\/\/www.respublica.org.al\/web\/index.php?rest_route=\/wp\/v2\/pages\/53\/revisions"}],"predecessor-version":[{"id":2401,"href":"https:\/\/www.respublica.org.al\/web\/index.php?rest_route=\/wp\/v2\/pages\/53\/revisions\/2401"}],"wp:attachment":[{"href":"https:\/\/www.respublica.org.al\/web\/index.php?rest_route=%2Fwp%2Fv2%2Fmedia&parent=53"}],"curies":[{"name":"wp","href":"https:\/\/api.w.org\/{rel}","templated":true}]}}

<p></p>



<p>Res Publica është një organizatë joqeveritare dhe jofitimprurëse që synon të promovojë dhe të mbrojë respektimin e të drejtave themelore të njeriut përmes litigimit strategjik, advokimit, edukimit, kërkimit shkencor dhe zhvillimit të politikave të ndryshme.</p>



<p>Që nga themelimi i saj në 2010, Res Publica është angazhuar në një sërë çështjesh të profilit të lartë të të drejtave të njeriut (viktimat e sulmit policor gjatë protestës së 21 janarit 2011, viktimat e shpërthimit të Gërdecit, referendumi kundër importimit të mbetjeve para Gjykatës Kushtetuese, më shumë se 40 çështje që mbrojnë gazetarët për lirinë e shprehjes dhe të drejtës për informim) dhe është një burim kyç informacioni për palët ndërkombëtare të interesuara si Delegacioni i Bashkimit Evropian (BE) dhe Organizata për Siguri dhe Bashkëpunim në Evropë (OSBE). Gjithashtu, Res Publica bashkëpunon dhe shpesh ndan ekspertizën e saj me Organizatat e Shoqërisë Civile (OSHC) me synime dhe aspirata të përbashkëta.</p>



<p>Vizioni i Res Publica është ndërtimi i një shoqërie ndryshe, më tolerante, e bazuar në sundimin e së drejtës dhe respektimin e të drejtave të njeriut, një shoqëri ku qeveria është plotësisht llogaridhënëse ndaj popullit.</p>



<p></p>

<p>Res Publica është një organizatë joqeveritare dhe jofitimprurëse që synon të promovojë dhe të mbrojë respektimin e të drejtave themelore [&hellip;]</p>
